{"id":581,"date":"2018-08-08T21:10:36","date_gmt":"2018-08-08T21:10:36","guid":{"rendered":"http:\/\/gevenco.com\/new\/?page_id=581"},"modified":"2018-08-09T21:41:12","modified_gmt":"2018-08-09T21:41:12","slug":"conectividad","status":"publish","type":"page","link":"https:\/\/gevenco.com\/new\/conectividad\/","title":{"rendered":"Conectividad"},"content":{"rendered":"<div id=\"pl-581\"  class=\"panel-layout\" ><div id=\"pg-581-0\"  class=\"panel-grid panel-has-style\" ><div class=\"siteorigin-panels-stretch panel-row-style panel-row-style-for-581-0\" style=\"background-image: url(https:\/\/gevenco.com\/new\/wp-content\/uploads\/2018\/03\/cyberspace-2784907_1920.jpg);padding: 100px 0; \" data-stretch-type=\"full\" data-hasbg=\"hasbg\" data-overlay=\"true\" data-overlay-color=\"#000000\" ><div id=\"pgc-581-0-0\"  class=\"panel-grid-cell\" ><div id=\"panel-581-0-0-0\" class=\"so-panel widget widget_sow-tabs panel-first-child panel-last-child\" data-index=\"0\" ><div style=\"text-align: left;\" data-title-color=\"#1e73be\" data-headings-color=\"#443f3f\" class=\"panel-widget-style panel-widget-style-for-581-0-0-0\" ><div\n\t\t\t\n\t\t\tclass=\"so-widget-sow-tabs so-widget-sow-tabs-default-9ebac424976f-581\"\n\t\t\t\n\t\t><h3 class=\"widget-title\">Conectividad<\/h3><div class=\"sow-tabs\">\n\t<div class=\"sow-tabs-tab-container\" role=\"tablist\">\n\t\t\t<div class=\"sow-tabs-tab sow-tabs-tab-selected\"\n\t\t\t role=\"tab\" data-anchor=\"redes-cableadas\"\n\t\t\t aria-selected=\"true\" tabindex=\"0\">\n\t\t\t<div class=\"sow-tabs-title sow-tabs-title-icon-left\">\n\t\t\t\t\t\t\t\tRedes cableadas\t\t\t\t\t\t\t<\/div>\n\t\t<\/div>\n\t\t\t<div class=\"sow-tabs-tab\"\n\t\t\t role=\"tab\" data-anchor=\"wireless\"\n\t\t\t aria-selected=\"false\" tabindex=\"-1\">\n\t\t\t<div class=\"sow-tabs-title sow-tabs-title-icon-left\">\n\t\t\t\t\t\t\t\tWireless\t\t\t\t\t\t\t<\/div>\n\t\t<\/div>\n\t\t\t<div class=\"sow-tabs-tab\"\n\t\t\t role=\"tab\" data-anchor=\"video-vigilancia\"\n\t\t\t aria-selected=\"false\" tabindex=\"-1\">\n\t\t\t<div class=\"sow-tabs-title sow-tabs-title-icon-left\">\n\t\t\t\t\t\t\t\tVideo Vigilancia\t\t\t\t\t\t\t<\/div>\n\t\t<\/div>\n\t\t<\/div>\n\t\n\t<div class=\"sow-tabs-panel-container\">\n\t\t\t<div class=\"sow-tabs-panel\">\n\t\t\t<div class=\"sow-tabs-panel-content\" role=\"tabpanel\" tabindex=\"0\">\n\t\t\t\tDise\u00f1amos e instalamos redes cableadas e inal\u00e1mbricas de datos, voz y video. Proveemos equipamiento de networking e infraestructura informatica.\n<ul>\n \t<li>Sistemas de cableado de cobre para interior y exterior<\/li>\n \t<li>Sistemas de cableado de fibra \u00f3ptica, enlaces a\u00e9reos y subterr\u00e1neos. Backbones<\/li>\n \t<li>Racks, estantes y paneles<\/li>\n \t<li>Rack estancos especiales para ambientes h\u00famedos ( inoxidables)<\/li>\n \t<li>Administradores de cables (rieles y canales)<\/li>\n \t<li>Conductos y ductos externos y sub piso<\/li>\n \t<li>Integrabilidad con periscopios y cajas bajo piso<\/li>\n \t<li>Unidades de distribuci\u00f3n de energ\u00eda (PDU) y tableros seccionales<\/li>\n \t<li>Certificaci\u00f3n cat.5e, cat.6, Giga-speed y TERA Cat.7A<\/li>\n \t<li>Administraci\u00f3n inteligente de la infraestructura<\/li>\n \t<li>Tendidos en altura<\/li>\n<\/ul>\t\t\t<\/div>\n\t\t<\/div>\n\t\t\t<div class=\"sow-tabs-panel\">\n\t\t\t<div class=\"sow-tabs-panel-content\" role=\"tabpanel\" aria-hidden=\"true\">\n\t\t\t\tGevenco particip\u00f3 en la instalaci\u00f3n de algunos de los primeros dispositivos de datos inal\u00e1mbricos y sigue dando mucha importancia a la implementaci\u00f3n de soluciones WiFi ligadas a las nuevas tecnolog\u00edas de redes.\n<ul>\n \t<li>Antenas Indoor<\/li>\n \t<li>Antenas Outdoor<\/li>\n \t<li>Access Point<\/li>\n \t<li>Dualband Access Point con PoE<\/li>\n \t<li>Routers<\/li>\n \t<li>Routers and 4-PORT SWITCH<\/li>\n \t<li>VPN Router<\/li>\n \t<li>Xtreme N\u2122 Gigabit Router<\/li>\n \t<li>Xtreme NTM DUO GIGABIT ROUTER<\/li>\n \t<li>Balance de routers multi-WAN<\/li>\n \t<li>Equilibrio de carga de Internet y soluciones de adhesi\u00f3n VPN<\/li>\n<\/ul>\t\t\t<\/div>\n\t\t<\/div>\n\t\t\t<div class=\"sow-tabs-panel\">\n\t\t\t<div class=\"sow-tabs-panel-content\" role=\"tabpanel\" aria-hidden=\"true\">\n\t\t\t\tLas c\u00e1maras conectadas a Servidores Web con Audio incorporado, permiten la implementaci\u00f3n de soluciones de video vigilancia o monitoreo remoto\n<ul>\n \t<li>CCTV<\/li>\n \t<li>C\u00e1maras IR<\/li>\n \t<li>C\u00e1maras IP wireless<\/li>\n \t<li>C\u00e1maras Domo interior y exterior<\/li>\n \t<li>C\u00e1maras motor Zoom<\/li>\n \t<li>Video Porteros<\/li>\n \t<li>DVR stand Alone<\/li>\n \t<li>DVR placas capturadoras<\/li>\n \t<li>Servicios de grabaci\u00f3n local y remota<\/li>\n \t<li>CONTROL DE ACCESO<\/li>\n \t<li>Sistemas de Cerrojos electromagn\u00e9tico<\/li>\n<\/ul>\t\t\t<\/div>\n\t\t<\/div>\n\t\t<\/div>\n<\/div>\n<\/div><\/div><\/div><\/div><\/div><\/div><\/div>","protected":false},"excerpt":{"rendered":"<p>Conectividad Redes cableadas Wireless Video Vigilancia Dise\u00f1amos e instalamos redes cableadas e inal\u00e1mbricas de datos, voz y video. Proveemos equipamiento de networking e infraestructura informatica. Sistemas de cableado de cobre para interior y exterior Sistemas de cableado de fibra \u00f3ptica, enlaces a\u00e9reos y subterr\u00e1neos. Backbones Racks, estantes y paneles Rack estancos especiales para ambientes h\u00famedos [&hellip;]<\/p>\n","protected":false},"author":1,"featured_media":0,"parent":0,"menu_order":0,"comment_status":"closed","ping_status":"closed","template":"page-templates\/page_front-page.php","meta":[],"_links":{"self":[{"href":"https:\/\/gevenco.com\/new\/wp-json\/wp\/v2\/pages\/581"}],"collection":[{"href":"https:\/\/gevenco.com\/new\/wp-json\/wp\/v2\/pages"}],"about":[{"href":"https:\/\/gevenco.com\/new\/wp-json\/wp\/v2\/types\/page"}],"author":[{"embeddable":true,"href":"https:\/\/gevenco.com\/new\/wp-json\/wp\/v2\/users\/1"}],"replies":[{"embeddable":true,"href":"https:\/\/gevenco.com\/new\/wp-json\/wp\/v2\/comments?post=581"}],"version-history":[{"count":7,"href":"https:\/\/gevenco.com\/new\/wp-json\/wp\/v2\/pages\/581\/revisions"}],"predecessor-version":[{"id":635,"href":"https:\/\/gevenco.com\/new\/wp-json\/wp\/v2\/pages\/581\/revisions\/635"}],"wp:attachment":[{"href":"https:\/\/gevenco.com\/new\/wp-json\/wp\/v2\/media?parent=581"}],"curies":[{"name":"wp","href":"https:\/\/api.w.org\/{rel}","templated":true}]}}